{"id":17,"date":"2023-01-12T11:52:59","date_gmt":"2023-01-12T11:52:59","guid":{"rendered":"https:\/\/wpolive.com\/carriar\/?page_id=17"},"modified":"2026-01-25T11:20:10","modified_gmt":"2026-01-25T11:20:10","slug":"hizmetlerimiz","status":"publish","type":"page","link":"https:\/\/ispartaerennakliyat.com\/?page_id=17","title":{"rendered":"Hizmetlerimiz"},"content":{"rendered":"\t\t<div data-elementor-type=\"wp-page\" data-elementor-id=\"17\" class=\"elementor elementor-17\">\n\t\t\t\t\t\t<section class=\"elementor-section elementor-top-section elementor-element elementor-element-2ada822 elementor-section-full_width elementor-section-height-default elementor-section-height-default\" data-id=\"2ada822\" data-element_type=\"section\">\n\t\t\t\t\t\t<div class=\"elementor-container elementor-column-gap-no\">\n\t\t\t\t\t<div class=\"elementor-column elementor-col-100 elementor-top-column elementor-element elementor-element-1c857a8\" data-id=\"1c857a8\" data-element_type=\"column\">\n\t\t\t<div class=\"elementor-widget-wrap elementor-element-populated\">\n\t\t\t\t\t\t<div class=\"elementor-element elementor-element-cdf651f elementor-widget elementor-widget-wpo-carriar_title\" data-id=\"cdf651f\" data-element_type=\"widget\" data-widget_type=\"wpo-carriar_title.default\">\n\t\t\t\t<div class=\"elementor-widget-container\">\n\t\t\t\t\t\t\t<div class=\"wpo-section-title\">\n\t\t\t<span>ISPARTA EREN NAKL\u0130YAT<\/span><h2>H\u0130ZMETLER\u0130M\u0130Z<\/h2>\t\t<\/div>\n\t\t\t\t<\/div>\n\t\t\t\t<\/div>\n\t\t\t\t<div class=\"elementor-element elementor-element-846cb8a elementor-widget elementor-widget-wpo-carriar_service\" data-id=\"846cb8a\" data-element_type=\"widget\" data-widget_type=\"wpo-carriar_service.default\">\n\t\t\t\t<div class=\"elementor-widget-container\">\n\t\t\t\t\t\t\t\t<div class=\"carriar-service-area\">\n\t\t\t\t<div class=\"container\">\n\t\t\t\t\t<div class=\"carriar-service-wrap\">\n\t\t\t\t\t\t<div class=\"row align-items-center\">\n\t\t\t\t\t\t\t\t\t\t\t\t\t\t\t\t<div class=\"col col-lg-3 col-md-6 col-12\">\n\t\t\t\t\t\t\t\t\t\t<div class=\"carriar-service-item\">\n\t\t\t\t\t\t\t\t\t\t\t<div class=\"service-icon\">\n\t\t\t\t\t\t\t\t\t\t\t\t<i class=\"fi flaticon-delivery-truck\"><\/i>\n\t\t\t\t\t\t\t\t\t\t\t<\/div>\n\t\t\t\t\t\t\t\t\t\t\t<h2><a href=\"https:\/\/ispartaerennakliyat.com\/?service=evdeneve-nakliyat\">Evden Eve Nakliyat<\/a><\/h2>\n\t\t\t\t\t\t\t\t\t\t\t<p>E\u015fyalar\u0131n\u0131z\u0131 \u00f6zenle paketliyor, g\u00fcvenli ve sigortal\u0131 \u015fekilde yeni adresinize ta\u015f\u0131yoruz.<\/p>\n\t\t\t\t\t\t\t\t\t\t\t<a href=\"https:\/\/ispartaerennakliyat.com\/?service=evdeneve-nakliyat\">Detayl\u0131 B\u0130lgi<\/a>\t\t\t\t\t\t\t\t\t\t<\/div>\n\t\t\t\t\t\t\t\t\t<\/div>\n\t\t\t\t\t\t\t\t\t\t\t\t\t\t\t\t<div class=\"col col-lg-3 col-md-6 col-12\">\n\t\t\t\t\t\t\t\t\t\t<div class=\"carriar-service-item\">\n\t\t\t\t\t\t\t\t\t\t\t<div class=\"service-icon\">\n\t\t\t\t\t\t\t\t\t\t\t\t<i class=\"fi flaticon-delivery-truck\"><\/i>\n\t\t\t\t\t\t\t\t\t\t\t<\/div>\n\t\t\t\t\t\t\t\t\t\t\t<h2><a href=\"https:\/\/ispartaerennakliyat.com\/?service=sehirlerarasi\">\u015eehirler Aras\u0131 Nakliyat<\/a><\/h2>\n\t\t\t\t\t\t\t\t\t\t\t<p>T\u00fcrkiye\u2019nin her noktas\u0131na zaman\u0131nda ve g\u00fcvenli ta\u015f\u0131mac\u0131l\u0131k hizmeti sunuyoruz.<\/p>\n\t\t\t\t\t\t\t\t\t\t\t<a href=\"https:\/\/ispartaerennakliyat.com\/?service=sehirlerarasi\">Detayl\u0131 B\u0130lgi<\/a>\t\t\t\t\t\t\t\t\t\t<\/div>\n\t\t\t\t\t\t\t\t\t<\/div>\n\t\t\t\t\t\t\t\t\t\t\t\t\t\t\t\t<div class=\"col col-lg-3 col-md-6 col-12\">\n\t\t\t\t\t\t\t\t\t\t<div class=\"carriar-service-item\">\n\t\t\t\t\t\t\t\t\t\t\t<div class=\"service-icon\">\n\t\t\t\t\t\t\t\t\t\t\t\t<i class=\"fi flaticon-delivery-truck\"><\/i>\n\t\t\t\t\t\t\t\t\t\t\t<\/div>\n\t\t\t\t\t\t\t\t\t\t\t<h2><a href=\"https:\/\/ispartaerennakliyat.com\/?service=asansorlutasima\">Asans\u00f6rl\u00fc Ta\u015f\u0131mac\u0131l\u0131k<\/a><\/h2>\n\t\t\t\t\t\t\t\t\t\t\t<p>Y\u00fcksek katl\u0131 binalarda e\u015fyalar\u0131n\u0131z\u0131 asans\u00f6rl\u00fc sistem ile h\u0131zl\u0131, g\u00fcvenli ve zarar g\u00f6rmeden ta\u015f\u0131yoruz.<\/p>\n\t\t\t\t\t\t\t\t\t\t\t<a href=\"https:\/\/ispartaerennakliyat.com\/?service=asansorlutasima\">Detayl\u0131 B\u0130lgi<\/a>\t\t\t\t\t\t\t\t\t\t<\/div>\n\t\t\t\t\t\t\t\t\t<\/div>\n\t\t\t\t\t\t\t\t\t\t\t\t\t\t\t\t<div class=\"col col-lg-3 col-md-6 col-12\">\n\t\t\t\t\t\t\t\t\t\t<div class=\"carriar-service-item\">\n\t\t\t\t\t\t\t\t\t\t\t<div class=\"service-icon\">\n\t\t\t\t\t\t\t\t\t\t\t\t<i class=\"fi flaticon-delivery-truck\"><\/i>\n\t\t\t\t\t\t\t\t\t\t\t<\/div>\n\t\t\t\t\t\t\t\t\t\t\t<h2><a href=\"https:\/\/ispartaerennakliyat.com\/?service=depolama-hizmeti\">Depolama Hizmeti<\/a><\/h2>\n\t\t\t\t\t\t\t\t\t\t\t<p>E\u015fyalar\u0131n\u0131z\u0131 k\u0131sa veya uzun s\u00fcreli olarak g\u00fcvenli depolama alanlar\u0131m\u0131zda muhafaza ediyoruz.<\/p>\n\t\t\t\t\t\t\t\t\t\t\t<a href=\"https:\/\/ispartaerennakliyat.com\/?service=depolama-hizmeti\">Detayl\u0131 B\u0130lgi<\/a>\t\t\t\t\t\t\t\t\t\t<\/div>\n\t\t\t\t\t\t\t\t\t<\/div>\n\t\t\t\t\t\t\t\t\t\t\t\t\t<\/div>\n\t\t\t\t\t<\/div>\n\t\t\t\t<\/div>\n\t\t\t<\/div><!-- end container -->\n\t\t\t\t\t\t<\/div>\n\t\t\t\t<\/div>\n\t\t\t\t\t<\/div>\n\t\t<\/div>\n\t\t\t\t\t<\/div>\n\t\t<\/section>\n\t\t\t\t<\/div>\n\t\t","protected":false},"excerpt":{"rendered":"ISPARTA EREN NAKL\u0130YAT H\u0130ZMETLER\u0130M\u0130Z Evden Eve Nakliyat E\u015fyalar\u0131n\u0131z\u0131 \u00f6zenle paketliyor, g\u00fcvenli ve sigortal\u0131 \u015fekilde yeni adresinize ta\u015f\u0131yoruz. Detayl\u0131 B\u0130lgi \u015eehirler Aras\u0131 Nakliyat T\u00fcrkiye\u2019nin her noktas\u0131na zaman\u0131nda ve g\u00fcvenli ta\u015f\u0131mac\u0131l\u0131k hizmeti sunuyoruz. Detayl\u0131 B\u0130lgi Asans\u00f6rl\u00fc Ta\u015f\u0131mac\u0131l\u0131k Y\u00fcksek katl\u0131 binalarda e\u015fyalar\u0131n\u0131z\u0131 asans\u00f6rl\u00fc sistem ile h\u0131zl\u0131, g\u00fcvenli ve zarar g\u00f6rmeden ta\u015f\u0131yoruz. Detayl\u0131 B\u0130lgi Depolama Hizmeti E\u015fyalar\u0131n\u0131z\u0131 k\u0131sa veya ","protected":false},"author":1,"featured_media":0,"parent":0,"menu_order":0,"comment_status":"closed","ping_status":"closed","template":"elementor_header_footer","meta":{"footnotes":""},"class_list":["post-17","page","type-page","status-publish","hentry"],"_links":{"self":[{"href":"https:\/\/ispartaerennakliyat.com\/index.php?rest_route=\/wp\/v2\/pages\/17","targetHints":{"allow":["GET"]}}],"collection":[{"href":"https:\/\/ispartaerennakliyat.com\/index.php?rest_route=\/wp\/v2\/pages"}],"about":[{"href":"https:\/\/ispartaerennakliyat.com\/index.php?rest_route=\/wp\/v2\/types\/page"}],"author":[{"embeddable":true,"href":"https:\/\/ispartaerennakliyat.com\/index.php?rest_route=\/wp\/v2\/users\/1"}],"replies":[{"embeddable":true,"href":"https:\/\/ispartaerennakliyat.com\/index.php?rest_route=%2Fwp%2Fv2%2Fcomments&post=17"}],"version-history":[{"count":4,"href":"https:\/\/ispartaerennakliyat.com\/index.php?rest_route=\/wp\/v2\/pages\/17\/revisions"}],"predecessor-version":[{"id":1847,"href":"https:\/\/ispartaerennakliyat.com\/index.php?rest_route=\/wp\/v2\/pages\/17\/revisions\/1847"}],"wp:attachment":[{"href":"https:\/\/ispartaerennakliyat.com\/index.php?rest_route=%2Fwp%2Fv2%2Fmedia&parent=17"}],"curies":[{"name":"wp","href":"https:\/\/api.w.org\/{rel}","templated":true}]}}