{"id":15,"date":"2023-01-12T11:52:45","date_gmt":"2023-01-12T11:52:45","guid":{"rendered":"https:\/\/wpolive.com\/carriar\/?page_id=15"},"modified":"2026-01-21T15:54:37","modified_gmt":"2026-01-21T15:54:37","slug":"hakkimizda","status":"publish","type":"page","link":"https:\/\/ispartaerennakliyat.com\/?page_id=15","title":{"rendered":"Hakk\u0131m\u0131zda"},"content":{"rendered":"\t\t<div data-elementor-type=\"wp-page\" data-elementor-id=\"15\" class=\"elementor elementor-15\">\n\t\t\t\t\t\t<section class=\"elementor-section elementor-top-section elementor-element elementor-element-3c47bad elementor-section-full_width elementor-section-height-default elementor-section-height-default\" data-id=\"3c47bad\" data-element_type=\"section\">\n\t\t\t\t\t\t<div class=\"elementor-container elementor-column-gap-no\">\n\t\t\t\t\t<div class=\"elementor-column elementor-col-100 elementor-top-column elementor-element elementor-element-1478083\" data-id=\"1478083\" data-element_type=\"column\">\n\t\t\t<div class=\"elementor-widget-wrap elementor-element-populated\">\n\t\t\t\t\t\t<div class=\"elementor-element elementor-element-e8bd958 elementor-widget elementor-widget-wpo-carriar_about\" data-id=\"e8bd958\" data-element_type=\"widget\" data-settings=\"{&quot;about_image&quot;:{&quot;url&quot;:&quot;https:\\\/\\\/ispartaerennakliyat.com\\\/wp-content\\\/uploads\\\/2026\\\/01\\\/Adsiz-tasarim-26.jpg&quot;,&quot;id&quot;:1796,&quot;size&quot;:&quot;&quot;,&quot;alt&quot;:&quot;&quot;,&quot;source&quot;:&quot;library&quot;},&quot;about_image2&quot;:{&quot;url&quot;:&quot;&quot;,&quot;id&quot;:&quot;&quot;,&quot;size&quot;:&quot;&quot;,&quot;alt&quot;:&quot;&quot;,&quot;source&quot;:&quot;library&quot;}}\" data-widget_type=\"wpo-carriar_about.default\">\n\t\t\t\t<div class=\"elementor-widget-container\">\n\t\t\t\t\t\t\t<div class=\"carriar-about-section\">\n\t\t\t<div class=\"container\">\n\t\t\t\t<div class=\"carriar-about-wrap\">\n\t\t\t\t\t<div class=\"row\">\n\t\t\t\t\t\t<div class=\"col-lg-6 col-md-12 col-12\">\n\t\t\t\t\t\t\t<div class=\"carriar-about-text\">\n\t\t\t\t\t\t\t\t<small>ISPARTA EREN NAKL\u0130YAT<\/small><h2>G\u00fcvenli ve Profesyonel Ta\u015f\u0131mac\u0131l\u0131k<\/h2><p data-start=\"336\" data-end=\"602\">Isparta Eren Nakliyat olarak, ta\u015f\u0131mac\u0131l\u0131k sekt\u00f6r\u00fcnde <strong data-start=\"389\" data-end=\"431\">g\u00fcven, kalite ve m\u00fc\u015fteri memnuniyetini<\/strong> temel ilke edinen bir firma olarak hizmet vermekteyiz. Kuruldu\u011fumuz g\u00fcnden bu yana \u015fehir i\u00e7i ve \u015fehirler aras\u0131 nakliyat alan\u0131nda y\u00fczlerce ba\u015far\u0131l\u0131 ta\u015f\u0131ma ger\u00e7ekle\u015ftirdik.<\/p><p data-start=\"604\" data-end=\"810\">Evden eve nakliyat, asans\u00f6rl\u00fc ta\u015f\u0131mac\u0131l\u0131k, \u015fehirler aras\u0131 ta\u015f\u0131ma ve depolama hizmetlerinde <strong data-start=\"695\" data-end=\"740\">planl\u0131, sigortal\u0131 ve profesyonel \u00e7\u00f6z\u00fcmler<\/strong> sunarak m\u00fc\u015fterilerimizin ta\u015f\u0131nma s\u00fcrecini zahmetsiz hale getiriyoruz.<\/p><h2 data-start=\"817\" data-end=\"834\"><strong data-start=\"820\" data-end=\"834\">Misyonumuz<\/strong><\/h2><p data-start=\"836\" data-end=\"1102\">Misyonumuz; ta\u015f\u0131mac\u0131l\u0131k hizmetlerinde <strong data-start=\"874\" data-end=\"904\">g\u00fcvenli, h\u0131zl\u0131 ve sorunsuz<\/strong> \u00e7\u00f6z\u00fcmler sunarak m\u00fc\u015fterilerimizin beklentilerini en \u00fcst seviyede kar\u015f\u0131lamakt\u0131r.<br data-start=\"984\" data-end=\"987\" \/>Her ta\u015f\u0131ma i\u015flemini kendi e\u015fyam\u0131z gibi g\u00f6rerek, kalite standartlar\u0131m\u0131zdan \u00f6d\u00fcn vermeden hizmet vermeyi ama\u00e7l\u0131yoruz.<\/p><hr data-start=\"1104\" data-end=\"1107\" \/><h2 data-start=\"1109\" data-end=\"1126\"><strong data-start=\"1112\" data-end=\"1126\">Vizyonumuz<\/strong><\/h2><p data-start=\"1128\" data-end=\"1317\">Vizyonumuz; Isparta ve \u00e7evresinde <strong data-start=\"1162\" data-end=\"1197\">nakliyat denince ilk akla gelen<\/strong>, g\u00fcvenilir ve tercih edilen bir marka olmak, hizmet kalitemizi s\u00fcrekli geli\u015ftirerek sekt\u00f6rde kal\u0131c\u0131 bir yer edinmektir.<\/p><hr data-start=\"1319\" data-end=\"1322\" \/><h2 data-start=\"1324\" data-end=\"1359\"><strong data-start=\"1327\" data-end=\"1359\">Neden Isparta Eren Nakliyat?<\/strong><\/h2><ul data-start=\"1361\" data-end=\"1585\"><li data-start=\"1361\" data-end=\"1399\"><p data-start=\"1363\" data-end=\"1399\">\u2714 Alan\u0131nda deneyimli ve uzman ekip<\/p><\/li><li data-start=\"1400\" data-end=\"1437\"><p data-start=\"1402\" data-end=\"1437\">\u2714 Sigortal\u0131 ta\u015f\u0131mac\u0131l\u0131k g\u00fcvencesi<\/p><\/li><li data-start=\"1438\" data-end=\"1479\"><p data-start=\"1440\" data-end=\"1479\">\u2714 Asans\u00f6rl\u00fc nakliyat ile h\u0131zl\u0131 ta\u015f\u0131ma<\/p><\/li><li data-start=\"1480\" data-end=\"1515\"><p data-start=\"1482\" data-end=\"1515\">\u2714 Modern ve bak\u0131ml\u0131 ara\u00e7 filosu<\/p><\/li><li data-start=\"1516\" data-end=\"1540\"><p data-start=\"1518\" data-end=\"1540\">\u2714 Zaman\u0131nda teslimat<\/p><\/li><li data-start=\"1541\" data-end=\"1585\"><p data-start=\"1543\" data-end=\"1585\">\u2714 \u015eeffaf fiyatland\u0131rma ve \u00fccretsiz ke\u015fif<\/p><\/li><\/ul><p data-start=\"1587\" data-end=\"1671\">Her m\u00fc\u015fterimize \u00f6zel \u00e7\u00f6z\u00fcmler \u00fcreterek, ta\u015f\u0131nma s\u00fcrecini stres olmaktan \u00e7\u0131kar\u0131yoruz.<\/p><hr data-start=\"1673\" data-end=\"1676\" \/><p data-start=\"2421\" data-end=\"2607\">\u00a0<\/p>\t\t\t\t\t\t\t\t<div class=\"carriar-about-left-info\">\n\t\t\t\t\t\t\t\t\t<div class=\"carriar-about-left-inner\">\n\t\t\t\t\t\t\t\t\t\t<div class=\"carriar-about-left-img\">\n\t\t\t\t\t\t\t\t\t\t\t\t\t\t\t\t\t\t\t\t\t<\/div>\n\t\t\t\t\t\t\t\t\t\t<div class=\"carriar-about-left-text\">\n\t\t\t\t\t\t\t\t\t\t\t\t\t\t\t\t\t\t\t\t\t<\/div>\n\t\t\t\t\t\t\t\t\t<\/div>\n\t\t\t\t\t\t\t\t<\/div>\n\t\t\t\t\t\t\t<\/div>\n\t\t\t\t\t\t<\/div>\n\t\t\t\t\t\t<div class=\"col-lg-6 col-md-12 col-12\">\n\t\t\t\t\t\t\t<div class=\"carriar-about-img\">\n\t\t\t\t\t\t\t\t<img decoding=\"async\" src=\"https:\/\/ispartaerennakliyat.com\/wp-content\/uploads\/2026\/01\/Adsiz-tasarim-26.jpg\" alt=\"\">\t\t\t\t\t\t\t\t<div class=\"carriar-about-img-text\">\n\t\t\t\t\t\t\t\t\t<div class=\"carriar-about-icon\">\n\t\t\t\t\t\t\t\t\t\t<i class=\"fi flaticon-diamond\"><\/i><span>Bizimle G\u00fcvenle Ta\u015f\u0131n\u0131n<\/span>\t\t\t\t\t\t\t\t\t<\/div>\n\t\t\t\t\t\t\t\t<\/div>\n\t\t\t\t\t\t\t<\/div>\n\t\t\t\t\t\t<\/div>\n\t\t\t\t\t<\/div>\n\t\t\t\t<\/div>\n\t\t\t<\/div>\n\t\t<\/div>\n\n\t\t\t\t<\/div>\n\t\t\t\t<\/div>\n\t\t\t\t\t<\/div>\n\t\t<\/div>\n\t\t\t\t\t<\/div>\n\t\t<\/section>\n\t\t\t\t<\/div>\n\t\t","protected":false},"excerpt":{"rendered":"ISPARTA EREN NAKL\u0130YAT G\u00fcvenli ve Profesyonel Ta\u015f\u0131mac\u0131l\u0131k Isparta Eren Nakliyat olarak, ta\u015f\u0131mac\u0131l\u0131k sekt\u00f6r\u00fcnde g\u00fcven, kalite ve m\u00fc\u015fteri memnuniyetini temel ilke edinen bir firma olarak hizmet vermekteyiz. Kuruldu\u011fumuz g\u00fcnden bu yana \u015fehir i\u00e7i ve \u015fehirler aras\u0131 nakliyat alan\u0131nda y\u00fczlerce ba\u015far\u0131l\u0131 ta\u015f\u0131ma ger\u00e7ekle\u015ftirdik. Evden eve nakliyat, asans\u00f6rl\u00fc ta\u015f\u0131mac\u0131l\u0131k, \u015fehirler aras\u0131 ta\u015f\u0131ma ve depolama hizmetlerinde planl\u0131, sigortal\u0131 ve ","protected":false},"author":1,"featured_media":0,"parent":0,"menu_order":0,"comment_status":"closed","ping_status":"closed","template":"elementor_header_footer","meta":{"footnotes":""},"class_list":["post-15","page","type-page","status-publish","hentry"],"_links":{"self":[{"href":"https:\/\/ispartaerennakliyat.com\/index.php?rest_route=\/wp\/v2\/pages\/15","targetHints":{"allow":["GET"]}}],"collection":[{"href":"https:\/\/ispartaerennakliyat.com\/index.php?rest_route=\/wp\/v2\/pages"}],"about":[{"href":"https:\/\/ispartaerennakliyat.com\/index.php?rest_route=\/wp\/v2\/types\/page"}],"author":[{"embeddable":true,"href":"https:\/\/ispartaerennakliyat.com\/index.php?rest_route=\/wp\/v2\/users\/1"}],"replies":[{"embeddable":true,"href":"https:\/\/ispartaerennakliyat.com\/index.php?rest_route=%2Fwp%2Fv2%2Fcomments&post=15"}],"version-history":[{"count":7,"href":"https:\/\/ispartaerennakliyat.com\/index.php?rest_route=\/wp\/v2\/pages\/15\/revisions"}],"predecessor-version":[{"id":1799,"href":"https:\/\/ispartaerennakliyat.com\/index.php?rest_route=\/wp\/v2\/pages\/15\/revisions\/1799"}],"wp:attachment":[{"href":"https:\/\/ispartaerennakliyat.com\/index.php?rest_route=%2Fwp%2Fv2%2Fmedia&parent=15"}],"curies":[{"name":"wp","href":"https:\/\/api.w.org\/{rel}","templated":true}]}}